 6, what is 202 - 154311200?
-154310554
In base 12, what is 236 + -95aa2?
-95868
In base 13, what is -38656b - 4?
-386572
In base 7, what is 5 - 14330515335?
-14330515330
In base 6, what is 2242 - -455103?
501345
In base 3, what is 102 - 1021120020222212?
-1021120020222110
In base 4, what is 11 + -2233121133323?
-2233121133312
In base 7, what is -1300406665 + 0?
-1300406665
In base 10, what is 1660152 + -10?
1660142
In base 6, what is -4043554015 + -4?
-4043554023
In base 6, what is 241 + -140200345?
-140200104
In base 13, what is -112ac3242 + -1?
-112ac3243
In base 14, what is 5 - 10474b?
-104746
In base 11, what is 252 - -252123?
252375
In base 3, what is -20 - -20101102222222?
20101102222202
In base 16, what is -5d7618 + 7?
-5d7611
In base 11, what is 377 - 1300a?
-12743
In base 9, what is 51 + 68336?
68387
In base 9, what is 0 - 181321853?
-181321853
In base 14, what is -95 - 56852?
-56907
In base 10, what is 675850 - -13?
675863
In base 11, what is -47 - -4340180?
4340134
In base 2, what is 1001111100010100011010110011 + -101?
1001111100010100011010101110
In base 11, what is 1a29a39 + -28?
1a29a11
In base 8, what is 1 - 2337227?
-2337226
In base 11, what is 1a47a + -136a?
19110
In base 9, what is -10124 - -271728?
261604
In base 7, what is 0 - 65204212?
-65204212
In base 10, what is 267709 + -3?
267706
In base 8, what is -1 - -13254765?
13254764
In base 5, what is -33 - 123210323?
-123210411
In base 8, what is -53254 - 1470?
-54744
In base 9, what is 653 - -170204?
170857
In base 15, what is 0 - -1d44e42?
1d44e42
In base 10, what is 1868 + -14071?
-12203
In base 15, what is b69e + -56b?
b133
In base 6, what is 412043 + 114?
412201
In base 5, what is 401422 - 1042?
400330
In base 4, what is -200310110330 - -1?
-200310110323
In base 10, what is -1991 - 121077?
-123068
In base 7, what is -21123424 + -5?
-21123432
In base 7, what is 2453 - 341461?
-336005
In base 7, what is -6505 - 131006?
-140514
In base 15, what is -5 - -204c79?
204c74
In base 15, what is 4aed - 415d?
990
In base 9, what is 1141754706 + 5?
1141754712
In base 2, what is 11100011101101 - 1011001000110?
10001010100111
In base 7, what is 205 + -2215323?
-2215115
In base 2, what is -11100101001101000001111111 + 1?
-11100101001101000001111110
In base 9, what is 43 - -16514460?
16514513
In base 8, what is -327076042 - -5?
-327076035
In base 15, what is 4 - 1514ba?
-1514b6
In base 16, what is d - -e8755?
e8762
In base 10, what is -108 - -353?
245
In base 3, what is 1021222201122011212 + 1?
1021222201122011220
In base 2, what is -1010000101 + 11001110100100?
11000100011111
In base 13, what is -3016ba - 216?
-301903
In base 10, what is -6 - 54296427?
-54296433
In base 5, what is 134021200 - -432?
134022132
In base 15, what is -81d + 2dc7?
25a9
In base 7, what is -120364456 - -12?
-120364444
In base 14, what is -d3 - 316dcb?
-3170c0
In base 7, what is 124152 + 433?
124615
In base 3, what is -121001100201112 - 122?
-121001100202011
In base 2, what is -11000 + -110011010000101111101?
-110011010000110010101
In base 11, what is -619875 - -6?
-61986a
In base 8, what is 515 - -144102?
144617
In base 10, what is 422090638 - -4?
422090642
In base 4, what is 11 + 2332031123021?
2332031123032
In base 16, what is 2 - 156c650?
-156c64e
In base 6, what is -11455530443 - -5?
-11455530434
In base 14, what is 984 + -3236?
-2692
In base 8, what is -24 - -2143222?
2143176
In base 2, what is -1 + 1011101110111011010?
1011101110111011001
In base 10, what is -373 + -787993?
-788366
In base 11, what is -2a0563 + 41?
-2a0522
In base 13, what is -4 - -2761a692?
2761a68b
In base 3, what is -12 + 220022011120220?
220022011120201
In base 7, what is 0 + 61500114?
61500114
In base 7, what is 11616614 - -613?
11620530
In base 13, what is 23021 - -8?
23029
In base 9, what is -11678426 + 16?
-11678410
In base 5, what is -21232140 - 0?
-21232140
In base 12, what is 257b622 - 21?
257b601
In base 9, what is -5717 - -3177?
-2530
In base 5, what is -140234 - 1411?
-142200
In base 9, what is 6367786 + 71?
6367867
In base 16, what is b + -1b2491?
-1b2486
In base 16, what is -39 + -c19ac?
-c19e5
In base 4, what is -311313 + 31300?
-220013
In base 9, what is -5132 + -854?
-6086
In base 11, what is -112 - -57362?
57250
In base 7, what is -11345 + -6244?
-20622
In base 12, what is -20b4 + -118a7?
-1399b
In base 13, what is 14aa - -2279a?
23c77
In base 14, what is 1 - 2771ba0?
-2771b9d
In base 9, what is 1386 + -1025140?
-1023643
In base 2, what is 11 - -1000110101101011001111?
1000110101101011010010
In base 10, what is 1 + 58937840?
58937841
In base 3, what is 1221020 - -200210101?
202201121
In base 12, what is 40a - -11894?
120a2
In base 7, what is -10 - 10144324?
-10144334
In base 2, what is 1000 + 1000100110110101011011?
1000100110110101100011
In base 10, what is 793510 - -60?
793570
In base 14, what is 1 + 4d9204c?
4d9204d
In base 11, what is 12 + 2752102?
2752114
In base 2, what is 11011 - -110100101111?
110101001010
In base 3, what is 12022221 - 10122010?
1200211
In base 16, what is -13bcd + -8e6?
-144b3
In base 15, what is 2d - 1a6c44?
-1a6c16
In base 15, what is -183 + b69c9?
b6846
In base 2, what is -1000000001100000111011 - 1110000?
-1000000001100010101011
In base 3, what is 11111222111120 - -21?
11111222111211
In base 5, what is -31134210 + 33?
-31134122
In base 13, what is -44a883 - 10?
-44a893
In base 3, what is 201200 - -21201212211?
21202121111
In base 14, what is -6c52246 + -1?
-6c52247
In base 10, what is 11732 - 1541?
10191
In base 15, what is -571c2a - -180?
-571a9a
In base 6, what is -153 - 211324?
-211521
In base 7, what is 126665 - -1253?
131251
In base 14, what is -4 + -9b75a31?
-9b75a35
In base 14, what is 2a4d7 + 101?
2a5d8
In base 9, what is -223124 - -327?
-222686
In base 11, what is 52055 + 248?
522a2
In base 7, what is 113502315 + 52?
113502400
In base 8, what is -215123 + 3742?
-211161
In base 8, what is 5 - 14074167?
-14074162
In base 10, what is 2021386 - 4?
2021382
In base 9, what is 3 + 184467866?
184467870
In base 3, what is 2002111121 + -1111202?
2000222212
In base 10, what is 378429164 + -3?
378429161
In base 14, what is c32 - -a?
c3c
In base 11, what is -1190290 - -17?
-1190274
In base 16, what is -a + -21cb2?
-21cbc
In base 8, what is 1105243 - -61?
1105324
In base 2, what is 11010000101111101 + -11011100?
11010000010100001
In base 10, what is 66625490 + 5?
66625495
In base 14, what is -5 - -6d4683?
6d467c
In base 3, what is 202 - -10120000002102220?
10120000002110122
In base 9, what is 10282 - -17854?
28246
In base 15, what is 12 + 8aaddc?
8aadee
In base 13, what is 9368249 + -5?
9368244
In base 15, what is a5e - -17d0?
233e
In base 14, what is 7c55aa - -48?
7c5614
In base 4, what is -1 - -121133023311?
121133023310
In base 13, what is -6b135bc + -3?
-6b135c2
In base 7, what is 166 - -4026211?
4026410
In base 5, what is 1124421 - 232142?
342224
In base 7, what is -15 - -3002346?
3002331
In base 7, what is 225 + -6614565?
-6614340
In base 6, what is 1132530315 - -14?
1132530333
In base 2, what is -10011 + 1110000010010110000?
1110000010010011101
In base 5, what is 213 + -40031434?
-40031221
In base 12, what is -30 + a024?
9bb4
In base 13, what is -4 + -47959?
-47960
In base 3, what is 0 + -1220011110002211?
-1220011110002211
In base 16, what is 8 - -c3236?
c323e
In base 5, what is -22324112 - 402?
-22330014
In base 5, what is -4134341224 + -1021?
-4134342300
In base 5, what is -34041 - 110313400?
-110402441
In base 16, what is -5 + 414fed?
414fe8
In base 12, what is 615b89 - 1?
615b88
In base 4, what is -1000320333 - 10212?
-1000331211
In base 2, what is 101101 + 1010011110100101010?
1010011110101010111
In base 16, what is -3d91bbc + 1?
-3d91bbb
In base 12, what is 4 - -44745664?
44745668
In base 5, what is -221 - -333340431?
333340210
In base 6, what is 113322 - -51255?
205021
In base 13, what is -2a08 + 396?
-2642
In base 7, what is 15 - -11121453?
11121501
In base 9, what is -1023660 + 33?
-1023626
In base 2, what is -101 - -11110001001010000011101011?
11110001001010000011100110
In base 13, what is 3ccb + 5cb?
45c9
In base 4, what is 333203 - 212123000?
-211123131
In base 11, what is -3 + -a8940a22?
-a8940a25
In base 9, what is -75137 + -1207?
-76345
In base 12, what is -45b957b +